t is -493 - -8?
-486
In base 7, what is 2 + 46?
51
In base 16, what is -9 - -13?
a
In base 3, what is -12 + -10020221?
-10021010
In base 12, what is 423 - -4?
427
In base 9, what is 2 - 1621?
-1618
In base 8, what is 3 - 23?
-20
In base 14, what is 152 - -1?
153
In base 7, what is 11 - 526?
-515
In base 13, what is 1b + -3?
18
In base 12, what is 26 - -5?
2b
In base 4, what is 11230 + -313?
10311
In base 6, what is -15241 - 5?
-15250
In base 9, what is 1 + -204?
-203
In base 10, what is -10 - -19?
9
In base 16, what is 6 - -b0f?
b15
In base 9, what is -140 - 0?
-140
In base 10, what is 0 - -197?
197
In base 5, what is 4 - -120?
124
In base 10, what is 5 + 2000?
2005
In base 8, what is 2115 + -2?
2113
In base 13, what is 485 + 2?
487
In base 9, what is 32047 + -2?
32045
In base 6, what is -2 + -2515?
-2521
In base 4, what is 3 + 313000?
313003
In base 2, what is -1100011 - -100?
-1011111
In base 4, what is 2120 + 21?
2201
In base 4, what is 1300 - -13?
1313
In base 15, what is 0 - -77?
77
In base 5, what is 3 - 2?
1
In base 14, what is -844 - -2?
-842
In base 14, what is 597 + -2?
595
In base 10, what is 2599 + -5?
2594
In base 12, what is -38 + -38?
-74
In base 13, what is -21a7 + 3?
-21a4
In base 3, what is 21 - -22?
120
In base 11, what is 45 + 40?
85
In base 4, what is 2120 - 21?
2033
In base 4, what is -3031 + -1?
-3032
In base 2, what is -100 - -1100?
1000
In base 8, what is 106 - -2?
110
In base 6, what is 150 - 345?
-155
In base 8, what is 4 + 223?
227
In base 11, what is 12 - 10?
2
In base 11, what is -2 - -350?
349
In base 5, what is -2 + 21?
14
In base 4, what is -103 + 3?
-100
In base 10, what is 0 + 2128?
2128
In base 7, what is 5 + -341?
-333
In base 2, what is -10 - 1011?
-1101
In base 7, what is -36 + -2?
-41
In base 15, what is -57 + 4?
-53
In base 13, what is 14 - -1a?
31
In base 11, what is -2 + -61?
-63
In base 8, what is 6344 - -4?
6350
In base 11, what is 29 - 39?
-10
In base 11, what is 19 - 3?
16
In base 14, what is 166c + 1?
166d
In base 13, what is -197 - -3?
-194
In base 13, what is -38 + 1?
-37
In base 11, what is 321 - 4?
318
In base 15, what is -668 + -1?
-669
In base 10, what is -3 + -2084?
-2087
In base 8, what is 1433 + -2?
1431
In base 4, what is -12123 - 1?
-12130
In base 12, what is 15 + 24?
39
In base 9, what is -6 + -181?
-187
In base 16, what is -40 + -11?
-51
In base 16, what is -9 + -4b?
-54
In base 12, what is -3 + 63?
60
In base 12, what is 271 + 4?
275
In base 13, what is 5 + 224?
229
In base 13, what is -4 + -38b9?
-38c0
In base 2, what is 100 - 100000?
-11100
In base 7, what is 36 - -21?
60
In base 12, what is 0 + 119?
119
In base 14, what is -4 - -7b?
77
In base 9, what is -2 - 230?
-232
In base 4, what is -1021032 - 2?
-1021100
In base 6, what is 30 + 4?
34
In base 4, what is 213 + 3?
222
In base 4, what is 30 - -211?
301
In base 7, what is 250 + -11?
236
In base 12, what is 4 - -362?
366
In base 13, what is bc0 + 2?
bc2
In base 13, what is -1 + -28?
-29
In base 6, what is -4252 + 1?
-4251
In base 6, what is 124 - 40?
44
In base 6, what is 133 + -11?
122
In base 16, what is -1 - -f63?
f62
In base 12, what is -217 + 5?
-212
In base 2, what is -11000 - -10000?
-1000
In base 10, what is 13 + -389?
-376
In base 14, what is 13 - 178?
-165
In base 16, what is 57 + 3?
5a
In base 15, what is -771 + 4?
-76c
In base 9, what is 3 - 1078?
-1075
In base 14, what is 27cd + 5?
27d4
In base 4, what is -1 + 2333?
2332
In base 3, what is 10 + -1212020?
-1212010
In base 13, what is -9a + -4?
-a1
In base 16, what is 1 - 496?
-495
In base 3, what is 11 - 1010?
-222
In base 3, what is 1022 - -11?
1110
In base 7, what is 4 - -65?
102
In base 7, what is -4 - -5530?
5523
In base 2, what is -100 + 10011?
1111
In base 14, what is -16 + -4?
-1a
In base 7, what is 130 - 30?
100
In base 3, what is 2002 + 110222?
120001
In base 5, what is 0 - -12401?
12401
In base 6, what is 514 + 4?
522
In base 8, what is 3120 + -11?
3107
In base 11, what is 85 + 5?
8a
In base 16, what is 0 - -48?
48
In base 5, what is -23333 - -3?
-23330
In base 11, what is 41 + 28?
69
In base 6, what is 14 + -3?
11
In base 7, what is 2212 + -10?
2202
In base 9, what is 2510 - -1?
2511
In base 14, what is 77c - 2?
77a
In base 5, what is -2143 - -42?
-2101
In base 11, what is -79a + 6?
-794
In base 4, what is -11 - -1131?
1120
In base 16, what is -2 - -2ed?
2eb
In base 4, what is 203 + -11?
132
In base 4, what is 13 - 3?
10
In base 15, what is 1c3 - -4?
1c7
In base 8, what is -376 + -1?
-377
In base 5, what is -140 + -2?
-142
In base 5, what is 141210 - -10?
141220
In base 9, what is -1 + 1622?
1621
In base 12, what is 84 - -86?
14a
In base 16, what is -3 + -8a?
-8d
In base 13, what is 39 + -1a7?
-16b
In base 11, what is -30 - -14?
-17
In base 13, what is -3333 - -3?
-3330
In base 7, what is 20 - -555?
605
In base 2, what is 11111 + 100?
100011
In base 12, what is -315 + -a?
-323
In base 2, what is 100010 - -100?
100110
In base 12, what is -3 - 52?
-55
In base 4, what is -2103 + -2?
-2111
In base 8, what is 1 - 1175?
-1174
In base 16, what is -281 + -6?
-287
In base 12, what is -6b + -2?
-71
In base 6, what is 0 + 20151?
20151
In base 14, what is -1aab - 4?
-1ab1
In base 14, what is -a - -b7?
ab
In base 3, what is -10 + 1202201?
1202121
In base 7, what is 2 - -22050?
22052
In base 3, what is 10102 + -12000?
-1121
In base 16, what is -5f + -2e?
-8d
In base 12, what is 3864 - 4?
3860
In base 4, what is 11 - 10300?
-10223
In base 9, what is 3 + -42?
-38
In base 13, what is -1 + -45?
-46
In base 6, what is 15543 - 3?
15540
In base 6, what is 11 - 32?
-21
In base 9, what is -46 + 166?
120
In base 4, what is 3100 - 1?
3033
In base 16, what is -5c + 2?
-5a
In base 5, what is 240 - 313?
-23
In base 3, what is 2 - -1201020?
1201022
In base 13, what is -20 + -7?
-27
In base 4, what is -21 - 1?
-22
In base 2, what is 11111111000 + -1?
11111110111
In base 5, what is -4 - -2011?
2002
In base 4, what is 11 + -11210?
-11133
In base 8, what is 106 - -4?
112
In base 9, what is -18 + 3?
-15
In base 10, what is 40 - 24?
16
In base 15, what is 3 + -e0?
-dc
In base 10, what is -114 - 0?
-114
In base 5, what is -4012 - -2?
-4010
In base 5, what is -1100 + -11?
-1111
In base 14, what is 69 - -19?
84
In base 15, what is 3 - -11?
14
In base 8, what is -1 - -134?
133
In base 10, what is -8 - -297?
289
In base 14, what is -179 + 16?
-163
In base 13, what is 1c - 236?
-217
In base 4, what is -3223210 - 3?
-3223213
In base 15, what is 8c + 78?
115
In base 4, what is -33100 + 1?
-33033
In base 3, what is 10 + -10222?
-10212
In base 7, what is -523 + -15?
-541
In base 8, what is -7 - -7?
0
In base 11, what is -a21 - 1?
-a22
In base 12, what is -4 - -894?
890
In base 13, what is 4b + 0?
4b
In base 7, what is -10 + 14?
4
In base 3, what is 10202 - 1122?
2010
In base 14, what is -1 + -143?
-144
In base 3, what is -10 - -11?
1
In base 9, what is 6 - -3506?
3513
In base 10, what is -800 + 2?
-798
In base 9, what is 1 + 166?
167
In base 9, what is -43 + -1?
-44
In base 6, what is -1 + 3544?
3543
In base 13, what is -2 + -5?
-7
In base 9, what is -1 - 2472?
-2473
In base 9, what is -1 + 26?
25
In base 13, what is 6 + -191?
-188
In base 8, what is 0 + -162?
-162
In base 11, what is -4 + -58?
-61
In base 16, what is -b9 - 3?
-bc
In base 9, what is 364 - -8?
373
In base 6, what is 15 + -4?
11
In base 7, what is 32 - 20?
12
In base 14, what is 10 + -11?
-1
In base 2, what is -11 + 11110101?
11110010
In base 4, what is 111 - 3?
102
In base 13, what is 0 - -375?
375
In base 9, what is -5 - -63?
57
In base 14, what is -2 + -27b?
-27d
In base 7, what is 1 + -1021?
-1020
In base 12, what is -110 + 2?
-10a
In base 3, what is 211220 - 2?
211211
In base 6, what is 2 - 252?
-250
In base 15, what is -19 - -d?
-b
In base 16, what is 4 - -f7?
fb
In base 15, what is -8 - 94?
-9c
In base 9, what is -45 - -1?
-44
In base 9, what is -5 + 171?
165
In base 13, what is 63 - -3?
66
In base 11, what is 174 - 5?
16a
In base 12, what is -771 + -5?
-776
In base 10, what is -725 - 2?
-727
In base 12, what is 1b9 - 0?
1b9
In base 3, what is -1 - -1012?
1011
In base 9, what is 0 + -2374?
-2374
In base 7, what is -65 - 5?
-103
In base 8, what is 7 + -26?
-17
In base 3, what is 100112 + 2211?
110100
In base 14, what is c - 1